common divisor of 858227 and 89.
89
Calculate the greatest common factor of 856 and 11555144.
856
Calculate the greatest common divisor of 1206 and 16415.
67
What is the highest common factor of 21024 and 1533?
219
What is the highest common divisor of 4 and 11042?
2
What is the highest common factor of 110926 and 73451?
1499
Calculate the greatest common factor of 45 and 72015.
15
Calculate the highest common factor of 30 and 10704.
6
What is the greatest common divisor of 16 and 772808?
8
What is the greatest common divisor of 10574 and 2482?
34
Calculate the highest common factor of 7905 and 74205.
255
Calculate the highest common divisor of 512 and 122184.
8
Calculate the highest common factor of 3528 and 210861.
63
What is the highest common factor of 14041 and 703?
19
What is the greatest common factor of 966 and 14?
14
Calculate the greatest common factor of 686278 and 248.
62
What is the greatest common divisor of 3439 and 227155?
181
Calculate the greatest common factor of 395 and 810619.
79
What is the highest common divisor of 8816 and 24624?
304
Calculate the highest common factor of 804307 and 7.
7
What is the highest common divisor of 220620 and 60?
60
Calculate the greatest common factor of 4544 and 5632.
64
What is the greatest common divisor of 36630 and 50?
10
Calculate the greatest common divisor of 36 and 1413.
9
Calculate the highest common divisor of 25227 and 1449.
9
Calculate the highest common divisor of 194 and 1994126.
194
Calculate the greatest common factor of 38870 and 684710.
2990
Calculate the greatest common divisor of 36481 and 37054.
191
Calculate the greatest common divisor of 10 and 5930.
10
Calculate the greatest common factor of 7 and 392791.
7
Calculate the highest common divisor of 2238 and 324.
6
Calculate the highest common divisor of 2947840 and 1372.
196
Calculate the greatest common factor of 7238 and 34573.
77
What is the highest common factor of 2813 and 291?
97
What is the greatest common divisor of 57447 and 117?
117
Calculate the greatest common divisor of 966 and 295134.
42
Calculate the greatest common factor of 19 and 7817.
1
What is the highest common factor of 1550 and 130448?
62
What is the greatest common factor of 65592 and 216?
72
Calculate the greatest common divisor of 32828 and 812.
116
Calculate the highest common divisor of 1036 and 72261.
259
Calculate the highest common factor of 6272 and 301952.
896
Calculate the greatest common divisor of 39666 and 33.
33
What is the greatest common divisor of 16625 and 18943?
19
What is the highest common factor of 10 and 1821685?
5
Calculate the highest common divisor of 116318 and 152.
38
Calculate the greatest common divisor of 221 and 9979.
17
What is the highest common factor of 215710 and 10600?
530
What is the greatest common divisor of 2018667 and 1358?
679
What is the highest common factor of 174066 and 402?
402
Calculate the highest common factor of 944 and 25724.
236
What is the highest common factor of 85 and 835805?
85
Calculate the highest common factor of 32 and 460160.
32
What is the greatest common divisor of 413514 and 72?
18
What is the highest common divisor of 114878 and 71?
71
What is the greatest common factor of 3434 and 850?
34
What is the greatest common factor of 276372 and 84?
12
Calculate the highest common factor of 1784 and 416564.
892
What is the highest common factor of 9220 and 45178?
922
What is the greatest common divisor of 260373 and 5496?
687
What is the greatest common divisor of 63135 and 690?
345
What is the greatest common factor of 29043 and 14?
7
What is the greatest common divisor of 700 and 120100?
100
What is the greatest common divisor of 39 and 7638969?
39
What is the greatest common divisor of 1056 and 1248?
96
Calculate the greatest common factor of 7242 and 923.
71
Calculate the greatest common factor of 161 and 6739.
23
Calculate the greatest common factor of 15403 and 73.
73
What is the greatest common factor of 309 and 1133?
103
What is the greatest common factor of 618650 and 800?
50
What is the greatest common divisor of 222 and 2930622?
222
What is the highest common factor of 2813 and 239299?
97
What is the highest common factor of 14746 and 1616?
202
Calculate the highest common factor of 174369 and 156.
39
What is the highest common factor of 8942015 and 835?
835
What is the highest common factor of 14 and 1780534?
14
What is the highest common factor of 258452 and 4?
4
What is the greatest common divisor of 13754 and 5014?
46
Calculate the greatest common factor of 189300 and 7800.
300
What is the highest common divisor of 5354248 and 1432?
1432
What is the highest common factor of 7810 and 3630?
110
Calculate the greatest common divisor of 3786 and 150809.
631
Calculate the greatest common divisor of 72 and 648108.
36
What is the highest common factor of 23495 and 4255?
185
Calculate the greatest common divisor of 44 and 1110692.
44
Calculate the greatest common divisor of 72820 and 132.
44
What is the highest common factor of 176 and 442508?
44
Calculate the greatest common divisor of 424476 and 1638.
234
What is the greatest common factor of 56669 and 1159?
61
Calculate the greatest common factor of 35465 and 5494.
41
Calculate the highest common factor of 274044 and 369.
123
Calculate the greatest common divisor of 71298 and 612.
306
What is the highest common factor of 16017 and 549?
3
What is the greatest common factor of 4187315 and 95?
95
What is the highest common divisor of 712 and 88555?
89
What is the highest common factor of 49379 and 1809?
67
Calculate the highest common divisor of 19050 and 255.
15
Calculate the greatest common factor of 9879 and 17871.
111
Calculate the highest common factor of 52186 and 18042.
194
Calculate the greatest common divisor of 31632 and 215493.
1977
Calculate the highest common divisor of 4784 and 28.
4
Calculate the highest common divisor of 36520 and 16.
8
What is the greatest common factor of 558 and 6882?
186
Calculate the greatest common divisor of 1206261 and 42.
21
Calculate the highest common divisor of 424886 and 1519.
217
What is the highest common factor of 67870 and 617?
617
Calculate the greatest common factor of 2826 and 11808.
18
Calculate the greatest common factor of 183419 and 149.
149
What is the highest common factor of 120250 and 25?
25
Calculate the highest common factor of 1409 and 29.
1
What is the greatest common divisor of 291165 and 60?
15
What is the greatest common divisor of 744085 and 10?
5
What is the greatest common factor of 392 and 904?
8
What is the greatest common divisor of 284690 and 1960?
490
Calculate the highest common factor of 655110 and 261.
261
What is the highest common divisor of 3586 and 2651?
11
What is the greatest common divisor of 11 and 72809?
11
Calculate the greatest common factor of 231 and 35448.
21
Calculate the greatest common divisor of 153685 and 525.
35
Calculate the highest common divisor of 12 and 1909356.
12
Calculate the highest common factor of 4298277 and 1347.
1347
Calculate the highest common divisor of 191 and 14.
1
Calculate the greatest common divisor of 138 and 327198.
138
What is the highest common factor of 831984 and 48?
48
Calculate the highest common divisor of 24577 and 36.
1
Calculate the greatest common factor of 9381 and 94923.
159
Calculate the greatest common divisor of 432 and 52488.
216
Calculate the greatest common divisor of 66987 and 50447.
827
Calculate the highest common factor of 13813 and 836.
19
What is the greatest common factor of 1224 and 5406?
102
What is the highest common factor of 620 and 12152?
124
Calculate the greatest common factor of 2361048 and 24.
24
Calculate the highest common divisor of 41112 and 1152.
72
What is the highest common divisor of 1011 and 1371?
3
What is the highest common factor of 268460 and 2480?
620
Calculate the highest common factor of 194 and 359967.
97
Calculate the greatest common divisor of 162672 and 15.
3
What is the highest common divisor of 40 and 327120?
40
What is the greatest common factor of 195 and 968955?
195
Calculate the highest common factor of 25622 and 665058.
1114
What is the highest common factor of 306 and 118422?
306
Calculate the greatest common divisor of 1442 and 742.
14
What